1
What are the prime factors of 6558*((-5)/(-60)*2)/(3/6)?
2, 1093
Suppose -4 - 12 = -4*m, -5*m = 5*d + 4060. Let l = d + 461. Let n = 528 + l. What are the prime factors of n?
173
Let r(b) be the first derivative of b**3/3 - 9*b**2/2 - 17*b - 111. What are the prime factors of r(-7)?
5, 19
Let i be -16*(-78)/(-12)*3/6. What are the prime factors of i/(-6)*(150 - 3)?
2, 7, 13
Let v(i) be the second derivative of -i**5/20 - i**4/4 - i**3/6 + 5*i**2 - 2*i. Let h be v(-4). List the prime factors of (-662)/(-10) + h/(-25) + 1.
2, 3, 11
Let s(d) = 1192*d - 16481. List the prime factors of s(68).
3, 5, 7, 41
Suppose 24*c = 45*c - 588. Suppose 0 = -f - 6*f + c. List the prime factors of f.
2
What are the prime factors of ((-1345)/(-25) - 15)/((2/135)/2)?
2, 3, 97
Suppose 3*u - 12 = -2*n - 2*n, -5*n = -4*u - 15. Let m be (-2*4/12 + u)*-6. Suppose -m*g + 7*g - 420 = 0. List the prime factors of g.
2, 5, 7
Let v = 233 - -235. Let n = -22 + v. What are the prime factors of n?
2, 223
Let d be 3 + ((-28)/98 - 27/(-21)). Suppose -2628 = -5*t - 2*u, -d*t = -4*u + 5*u - 2103. What are the prime factors of t?
2, 263
Let x = -28939 - -41193. What are the prime factors of x?
2, 11, 557
Suppose 4*c = 2*t - 34900 - 25574, -t - 5*c + 30272 = 0. List the prime factors of t.
7, 29, 149
Let k = 52113 + -17542. List the prime factors of k.
181, 191
List the prime factors of ((-369524)/7)/(-2) - 236/413.
2, 3, 53, 83
Let q(m) = -m**3 + 19*m**2 + 67*m - 18. Let o be q(22). Suppose -o*y = -1 - 7, 5*y + 6042 = 4*r. What are the prime factors of r?
17, 89
Suppose -11*i + 561 = 22*i. Suppose i*b - 15590 = 2175. List the prime factors of b.
5, 11, 19
Let q(p) be the third derivative of p**6/120 + p**5/5 + p**4/3 - 13*p**3/3 - 8*p**2. Suppose -3*k = 18 + 15. What are the prime factors of q(k)?
7
Let a = 26460 + -10902. List the prime factors of a.
2, 3, 2593
Let w(c) = 3*c**3 + 11*c**2 + 24*c - 260. List the prime factors of w(11).
2, 3, 37
Suppose -924 = -5*f + 1026. Suppose w = 7*w + f. Let l = w + 104. List the prime factors of l.
3, 13
Let d(n) = -3*n - 19. Let u be d(-6). Let v be u/(-2) + 1233/2. Let x = v + -377. List the prime factors of x.
2, 3, 5
Let g(f) = 2079*f**2 + 9*f - 8. Let t be g(1). Let u = -428 + t. What are the prime factors of u?
2, 7, 59
Suppose -8*f = -63 - 25. Suppose 0 = -13*x + f*x + 4014. List the prime factors of x.
3, 223
Let x be (79 - 7) + (4 - 0). Suppose 0 = m - 0*m - 2*y - 3, -3*m = -5*y - 9. Suppose 0 = t - 3*u - 109, -m*t + 4*u = -x - 236. List the prime factors of t.
2, 5
Suppose 3*v + 0*v + 24 = -3*f, 14 = 2*f - 4*v. Suppose -462 = -4*q - 2*h, 6*q = 7*q + 3*h - 113. What are the prime factors of q/8 + f/2?
13
Suppose 2*c - 2 = 0, -4*k - 2*c = -0*k - 582. Let r = 109 + k. What are the prime factors of r?
2, 127
Suppose -4 + 2 = b. Let v be b/8 + (-375)/(-12). Suppose -2*s = -65 - v. List the prime factors of s.
2, 3
Suppose 5 - 5 = 3*y. Let k be 2 - 4/(-8)*y. Suppose 0 = -k*d, -g - 2*d = -3*g + 312. What are the prime factors of g?
2, 3, 13
Let l(y) = -y**2 + 3*y + 2. Let s(n) = n. Let a be s(0). Let m be l(a). What are the prime factors of ((-3)/m)/((-9)/978)?
163
Let l(s) = 951*s + 11*s**2 + 2 + 33 - 958*s. What are the prime factors of l(5)?
5, 11
Let x(u) = 231*u**2 + 38*u - 50. What are the prime factors of x(-8)?
2, 3, 5, 13, 37
Let r = 85 + -43. Let c = 156 - r. List the prime factors of c.
2, 3, 19
Let t = -22 - -25. What are the prime factors of t/6 + (21021/6)/7?
3, 167
Let y = -16303 + 36056. What are the prime factors of y?
19753
Let c = -3760 + 7001. What are the prime factors of c?
7, 463
Suppose -736 = -5*u + 384. Suppose -4*w + 0*w = u. Let j = 110 + w. List the prime factors of j.
2, 3
Let w(b) = -3*b - 2*b**3 + 3 + 4 - 5. Let g be w(1). List the prime factors of 4/((-8)/(-290)) - g/(-1).
2, 71
Let v = 411 - 391. Let w(h) = 27*h - 246. List the prime factors of w(v).
2, 3, 7
Suppose 28*c = 30485 + 4823. Let b = 2019 - c. List the prime factors of b.
2, 379
What are the prime factors of 174/((-18726)/2082 + 9)?
3, 29, 347
Suppose 26 = s + 23. Suppose 2*v = 4*p - 160, 4*p + s = 5*v + 157. List the prime factors of p.
41
Let y = 50 - 92. Let c = 29 + y. What are the prime factors of 34/(-17) + (0 + -1)*c?
11
Suppose 5*k - 50 = -20. What are the prime factors of (k/(-18))/(4/(-36)) + 568?
571
Let l be 6 - (2 - -1) - 0. Let z(q) = 40*q + 137. Let w be z(9). Suppose -w = 2*r - 6*r + 5*p, -p = -l. What are the prime factors of r?
2
Let w = 20973 + -20568. List the prime factors of w.
3, 5
Let f(a) = -a**3 + 146*a**2 + 260*a + 258. What are the prime factors of f(147)?
3, 5623
Suppose -3*c - 2*u = -7221, -3*c - 66*u = -63*u - 7224. What are the prime factors of c?
5, 13, 37
Let t be 56/10 + -2 - 165/275. Suppose 3*f - 2052 = 3*j, 5*f - 3640 = t*j - 228. What are the prime factors of f?
2, 5, 17
Let x(y) = 17*y**2 - 18*y + 9. Let a = -217 + 211. List the prime factors of x(a).
3
Let u = -366 - -403. Suppose 11593 = u*t - 12605. What are the prime factors of t?
2, 3, 109
Let a(g) = 9075*g**3 + g**2 - 19*g + 18. What are the prime factors of a(1)?
3, 5, 11
Let o(z) = z**3 - 27*z**2 - 30*z + 42. Let m be o(32). Suppose w - 1056 = 5*p, 5*p - 7*p = 4*w - m. What are the prime factors of w?
1051
Let f be ((-5710)/(-15))/((-112)/(-54) + -2). Suppose 0 = 16*t - 1725 - f. What are the prime factors of t?
3, 11, 13
Let i(y) = -7*y + 675. Let r(s) = 8*s - 673. Let x(a) = -3*i(a) - 4*r(a). List the prime factors of x(0).
23, 29
List the prime factors of -1 + 18353 + 6 + (-20)/(-25)*5.
2, 9181
Suppose 0 = -147*h + 168922 + 293834. What are the prime factors of h?
2, 787
Let h(k) = 1652*k**3 + k**2 - 2*k. Let p be h(1). Suppose -p - 421 = -8*z. What are the prime factors of z?
7, 37
List the prime factors of -61*(-2 - -10)*26/(-104)*68.
2, 17, 61
Let f(l) = -2*l**2 - 398*l + 2158. What are the prime factors of f(-134)?
2, 3, 13, 251
Let n = 80919 + -57174. List the prime factors of n.
3, 5, 1583
Let c be 20*-1*(-3)/2. Suppose -4*g + 5*f = -60, -2*f - c = -2*g - 0*f. Suppose 5*x - 38 = w - 5*w, 5*w = -g. What are the prime factors of x?
2, 5
Let h(y) be the third derivative of -y**6/120 + y**5/30 - y**4/24 - 11*y**3/6 - 132*y**2. What are the prime factors of h(-7)?
19, 23
Suppose r + r - 5*w + 837 = 0, 0 = -4*w + 4. Let u = 88 + r. What are the prime factors of u/(-6)*30/20?
2, 41
Suppose a + 4*l - 1045 = 2437, -3*a = 2*l - 10396. What are the prime factors of a?
2, 3, 577
List the prime factors of ((-12)/(-8))/(13776200/(-1252384) + 33/3).
2, 7, 5591
Suppose -68222 = 1198*i - 1209*i. What are the prime factors of i?
2, 7, 443
Let p(r) = -6*r**3 + 7*r**2 - 2*r + 6. Let d be (4/(-6))/(-4 - 125/(-30)). List the prime factors of p(d).
2, 3, 5, 17
Suppose -3*y - 3*l + 56040 = 0, -3*y - 5002 = -2*l - 61077. What are the prime factors of y?
3, 6229
Suppose -8*h + 303882 = 62658. List the prime factors of h.
3, 19, 23
What are the prime factors of (-12497)/(-5) - 580/1450?
3, 7, 17
Let q be (-63)/(-12) + 2/(-8). Suppose -l = -i - 0*l + 211, -q*i - l = -1025. What are the prime factors of i?
2, 103
Suppose 202*t - 153208 = 158*t. List the prime factors of t.
2, 1741
What are the prime factors of (9*(-30)/18 + 8)*48624/(-14)?
2, 3, 1013
Let m(o) = o**2 - 4*o + 3. Let i be m(-8). Let c be (-2 - (-4 + 7)) + i. Let l = 181 - c. List the prime factors of l.
3, 29
Suppose -4*h + 3*z + z + 28 = 0, -4*h - 2*z = -22. Suppose h*o - 16*o + 1690 = 0. What are the prime factors of o?
13
Let d(p) = p**3 + 44*p**2 - 141*p + 2. Let c be d(-47). Suppose 0 = 5*x - 4*h - 1290, c*h - 1290 = -5*x - 0*h. What are the prime factors of x?
2, 3, 43
Suppose 663 = -30*u - 447. Let l(s) = -42*s - 9. Let g be l(-6). Let y = g + u. What are the prime factors of y?
2, 103
Suppose 64*p + 1845 = 67*p. Let k = p + -366. List the prime factors of k.
3, 83
Suppose 4*f = g + g + 8, -3*g + 4*f - 20 = 0. Let x be 0/((2/(-4))/((-3)/g)). Suppose -z + 123 = 6*k - 5*k, 5*z + k - 603 = x. What are the prime factors of z?
2, 3, 5
Suppose 10*i - 11*i + 298 = 0. Suppose -3*j - 2*c = i, 5*j + 0*j = 2*c - 518. Let g = j - -173. What are the prime factors of g?
71
Suppose -3*x + 42 = 11*x. Suppose 0 = -5*f - u + 2729, -4*u - 7 = -x. List the prime factors of f.
2, 3, 7, 13
Suppose -242766 = 11*g 